{"id":1179,"date":"2025-12-22T23:46:10","date_gmt":"2025-12-22T23:46:10","guid":{"rendered":"https:\/\/glassum.mx\/Industrial\/?page_id=1179"},"modified":"2026-01-05T21:15:31","modified_gmt":"2026-01-05T21:15:31","slug":"procesos-y-tecnologia","status":"publish","type":"page","link":"https:\/\/glassum.mx\/Industrial\/procesos-y-tecnologia\/","title":{"rendered":"procesos y tecnolog\u00eda"},"content":{"rendered":"<style>.elementor-1179 .elementor-element.elementor-element-0f79b97 > .elementor-container{max-width:700px;}.elementor-1179 .elementor-element.elementor-element-0f79b97:not(.elementor-motion-effects-element-type-background), .elementor-1179 .elementor-element.elementor-element-0f79b97 > .elementor-motion-effects-container > .elementor-motion-effects-layer{background-image:url(\"https:\/\/glassum.mx\/Industrial\/wp-content\/uploads\/2025\/12\/Glassmun-52.webp\");background-position:center center;background-size:cover;}.elementor-1179 .elementor-element.elementor-element-0f79b97 > .elementor-background-overlay{background-color:#6F87AEAD;background-image:url(\"https:\/\/glassum.mx\/Industrial\/wp-content\/uploads\/2025\/11\/MASK-3.png\");background-position:bottom center;background-repeat:no-repeat;background-size:100% auto;opacity:1;transition:background 0.3s, border-radius 0.3s, opacity 0.3s;}.elementor-1179 .elementor-element.elementor-element-0f79b97{transition:background 0.3s, border 0.3s, border-radius 0.3s, box-shadow 0.3s;margin-top:-80px;margin-bottom:0px;padding:220px 0px 130px 0px;}.elementor-1179 .elementor-element.elementor-element-214f12e > .elementor-element-populated{margin:-50px 0px 0px 0px;--e-column-margin-right:0px;--e-column-margin-left:0px;}.elementor-1179 .elementor-element.elementor-element-75504cb{text-align:center;}.elementor-1179 .elementor-element.elementor-element-75504cb .elementor-heading-title{font-family:\"Nunito Sans\", Sans-serif;font-size:46px;font-weight:700;text-transform:uppercase;color:var( --e-global-color-8d80df7 );}.elementor-1179 .elementor-element.elementor-element-bd31cb5{padding:080px 0px 50px 0px;}.elementor-1179 .elementor-element.elementor-element-1cf7a96 > .elementor-element-populated{margin:0px 0px 0px 0px;--e-column-margin-right:0px;--e-column-margin-left:0px;}.elementor-1179 .elementor-element.elementor-element-e4c8228 > .elementor-container > .elementor-column > .elementor-widget-wrap{align-content:center;align-items:center;}.elementor-1179 .elementor-element.elementor-element-e4c8228{margin-top:0px;margin-bottom:30px;}.elementor-1179 .elementor-element.elementor-element-032123f.elementor-column > .elementor-widget-wrap{justify-content:center;}.elementor-1179 .elementor-element.elementor-element-032123f > .elementor-element-populated{margin:0px 50px 0px 0px;--e-column-margin-right:50px;--e-column-margin-left:0px;}.elementor-1179 .elementor-element.elementor-element-a0d6308{--divider-border-style:solid;--divider-color:#00000000;--divider-border-width:1px;top:-155px;}.elementor-1179 .elementor-element.elementor-element-a0d6308 .elementor-divider-separator{width:84%;margin:0 auto;margin-center:0;}.elementor-1179 .elementor-element.elementor-element-a0d6308 .elementor-divider{text-align:center;padding-block-start:15px;padding-block-end:15px;}body:not(.rtl) .elementor-1179 .elementor-element.elementor-element-a0d6308{left:0px;}body.rtl .elementor-1179 .elementor-element.elementor-element-a0d6308{right:0px;}.elementor-1179 .elementor-element.elementor-element-4b0b586{text-align:center;}.elementor-1179 .elementor-element.elementor-element-4b0b586 .elementor-heading-title{font-family:\"Nunito Sans\", Sans-serif;font-size:38px;font-weight:700;text-transform:uppercase;color:var( --e-global-color-accent );}.elementor-1179 .elementor-element.elementor-element-9447df5{text-align:center;font-family:\"Nunito Sans\", Sans-serif;font-size:18px;font-weight:400;margin:0px 0px calc(var(--kit-widget-spacing, 0px) + -13px) 0px;width:var( --container-widget-width, 70% );max-width:70%;--container-widget-width:70%;--container-widget-flex-grow:0;}.elementor-1179 .elementor-element.elementor-element-9447df5.elementor-element{--align-self:center;}.elementor-1179 .elementor-element.elementor-element-f7c76d5{--display:flex;--flex-direction:row;--container-widget-width:initial;--container-widget-height:100%;--container-widget-flex-grow:1;--container-widget-align-self:stretch;--flex-wrap-mobile:wrap;--gap:0px 0px;--row-gap:0px;--column-gap:0px;}.elementor-1179 .elementor-element.elementor-element-b1d1558{--display:flex;--flex-direction:column;--container-widget-width:100%;--container-widget-height:initial;--container-widget-flex-grow:0;--container-widget-align-self:initial;--flex-wrap-mobile:wrap;}.elementor-1179 .elementor-element.elementor-element-ee145d4 .elementor-wrapper{--video-aspect-ratio:1.77777;}.elementor-1179 .elementor-element.elementor-element-8bca81b{--display:flex;--flex-direction:column;--container-widget-width:100%;--container-widget-height:initial;--container-widget-flex-grow:0;--container-widget-align-self:initial;--flex-wrap-mobile:wrap;}.elementor-1179 .elementor-element.elementor-element-cccd65c .elementor-wrapper{--video-aspect-ratio:1.77777;}:root{--page-title-display:none;}@media(min-width:768px){.elementor-1179 .elementor-element.elementor-element-b1d1558{--width:50%;}.elementor-1179 .elementor-element.elementor-element-8bca81b{--width:50%;}}@media(max-width:1024px){.elementor-1179 .elementor-element.elementor-element-bd31cb5{padding:80px 10px 50px 10px;}}@media(max-width:767px){.elementor-1179 .elementor-element.elementor-element-0f79b97{padding:150px 0px 100px 0px;}.elementor-1179 .elementor-element.elementor-element-214f12e > .elementor-element-populated{margin:0px 10px 0px 10px;--e-column-margin-right:10px;--e-column-margin-left:10px;}.elementor-1179 .elementor-element.elementor-element-75504cb .elementor-heading-title{font-size:26px;}.elementor-1179 .elementor-element.elementor-element-bd31cb5{padding:20px 10px 0px 10px;}.elementor-1179 .elementor-element.elementor-element-032123f > .elementor-element-populated{margin:0px 0px 20px 0px;--e-column-margin-right:0px;--e-column-margin-left:0px;}.elementor-1179 .elementor-element.elementor-element-4b0b586 .elementor-heading-title{font-size:26px;}.elementor-1179 .elementor-element.elementor-element-9447df5{--container-widget-width:90%;--container-widget-flex-grow:0;width:var( --container-widget-width, 90% );max-width:90%;}.elementor-1179 .elementor-element.elementor-element-f7c76d5{--gap:20px 20px;--row-gap:20px;--column-gap:20px;}.elementor-1179 .elementor-element.elementor-element-b1d1558{--padding-top:0px;--padding-bottom:0px;--padding-left:0px;--padding-right:0px;}.elementor-1179 .elementor-element.elementor-element-8bca81b{--padding-top:0px;--padding-bottom:0px;--padding-left:0px;--padding-right:0px;}}<\/style>\t\t<div data-elementor-type=\"wp-page\" data-elementor-id=\"1179\" class=\"elementor elementor-1179\" data-elementor-post-type=\"page\">\n\t\t\t\t\t\t<section class=\"elementor-section elementor-top-section elementor-element elementor-element-0f79b97 elementor-section-boxed elementor-section-height-default elementor-section-height-default\" data-id=\"0f79b97\" data-element_type=\"section\" data-e-type=\"section\" data-settings=\"{&quot;background_background&quot;:&quot;classic&quot;}\">\n\t\t\t\t\t\t\t<div class=\"elementor-background-overlay\"><\/div>\n\t\t\t\t\t\t\t<div class=\"elementor-container elementor-column-gap-no\">\n\t\t\t\t\t<div class=\"elementor-column elementor-col-100 elementor-top-column elementor-element elementor-element-214f12e\" data-id=\"214f12e\" data-element_type=\"column\" data-e-type=\"column\">\n\t\t\t<div class=\"elementor-widget-wrap elementor-element-populated\">\n\t\t\t\t\t\t<div class=\"elementor-element elementor-element-75504cb elementor-widget elementor-widget-heading\" data-id=\"75504cb\" data-element_type=\"widget\" data-e-type=\"widget\" data-widget_type=\"heading.default\">\n\t\t\t\t\t<h2 class=\"elementor-heading-title elementor-size-default\">procesos y tecnolog\u00eda<\/h2>\t\t\t\t<\/div>\n\t\t\t\t\t<\/div>\n\t\t<\/div>\n\t\t\t\t\t<\/div>\n\t\t<\/section>\n\t\t\t\t<section class=\"elementor-section elementor-top-section elementor-element elementor-element-bd31cb5 elementor-section-boxed elementor-section-height-default elementor-section-height-default\" data-id=\"bd31cb5\" data-element_type=\"section\" data-e-type=\"section\">\n\t\t\t\t\t\t<div class=\"elementor-container elementor-column-gap-no\">\n\t\t\t\t\t<div class=\"elementor-column elementor-col-100 elementor-top-column elementor-element elementor-element-1cf7a96\" data-id=\"1cf7a96\" data-element_type=\"column\" data-e-type=\"column\">\n\t\t\t<div class=\"elementor-widget-wrap elementor-element-populated\">\n\t\t\t\t\t\t<section class=\"elementor-section elementor-inner-section elementor-element elementor-element-e4c8228 elementor-section-content-middle elementor-section-boxed elementor-section-height-default elementor-section-height-default\" data-id=\"e4c8228\" data-element_type=\"section\" data-e-type=\"section\">\n\t\t\t\t\t\t<div class=\"elementor-container elementor-column-gap-no\">\n\t\t\t\t\t<div class=\"elementor-column elementor-col-100 elementor-inner-column elementor-element elementor-element-032123f\" data-id=\"032123f\" data-element_type=\"column\" data-e-type=\"column\">\n\t\t\t<div class=\"elementor-widget-wrap elementor-element-populated\">\n\t\t\t\t\t\t<div class=\"elementor-element elementor-element-a0d6308 elementor-absolute   elementor-widget-divider--view-line elementor-widget elementor-widget-divider\" data-id=\"a0d6308\" data-element_type=\"widget\" data-e-type=\"widget\" data-settings=\"{&quot;_position&quot;:&quot;absolute&quot;}\" data-widget_type=\"divider.default\">\n\t\t\t\t\t\t\t<div class=\"elementor-divider\">\n\t\t\t<span class=\"elementor-divider-separator\">\n\t\t\t\t\t\t<\/span>\n\t\t<\/div>\n\t\t\t\t\t\t<\/div>\n\t\t\t\t<div class=\"elementor-element elementor-element-4b0b586 elementor-widget elementor-widget-heading\" data-id=\"4b0b586\" data-element_type=\"widget\" data-e-type=\"widget\" data-widget_type=\"heading.default\">\n\t\t\t\t\t<h2 class=\"elementor-heading-title elementor-size-default\">Conoce los procesos de Glassum.<\/h2>\t\t\t\t<\/div>\n\t\t\t\t<div class=\"elementor-element elementor-element-9447df5 elementor-widget__width-initial elementor-widget elementor-widget-text-editor\" data-id=\"9447df5\" data-element_type=\"widget\" data-e-type=\"widget\" data-widget_type=\"text-editor.default\">\n\t\t\t\t\t\t\t\t\t<div class=\"elementor-element elementor-element-4ea926b ob-harakiri-inherit ob-has-background-overlay elementor-widget elementor-widget-text-editor ob-harakiri\" data-id=\"4ea926b\" data-element_type=\"widget\" data-settings=\"{&quot;_ob_use_harakiri&quot;:&quot;yes&quot;,&quot;_ob_harakiri_writing_mode&quot;:&quot;inherit&quot;,&quot;_ob_postman_use&quot;:&quot;no&quot;,&quot;_ob_perspektive_use&quot;:&quot;no&quot;,&quot;_ob_poopart_use&quot;:&quot;yes&quot;,&quot;_ob_shadough_use&quot;:&quot;no&quot;,&quot;_ob_allow_hoveranimator&quot;:&quot;no&quot;,&quot;_ob_widget_stalker_use&quot;:&quot;no&quot;}\" data-widget_type=\"text-editor.default\"><div class=\"elementor-widget-container\"><p>Descubre c\u00f3mo se realizan los procesos de corte, canteado mecanizado y templado del vidrio en diferentes colores y acabados.<\/p><\/div><\/div>\t\t\t\t\t\t\t\t<\/div>\n\t\t\t\t\t<\/div>\n\t\t<\/div>\n\t\t\t\t\t<\/div>\n\t\t<\/section>\n\t\t\t\t\t<\/div>\n\t\t<\/div>\n\t\t\t\t\t<\/div>\n\t\t<\/section>\n\t\t<div class=\"elementor-element elementor-element-f7c76d5 e-flex e-con-boxed e-con e-parent\" data-id=\"f7c76d5\" data-element_type=\"container\" data-e-type=\"container\">\n\t\t\t\t\t<div class=\"e-con-inner\">\n\t\t<div class=\"elementor-element elementor-element-b1d1558 e-con-full e-flex e-con e-child\" data-id=\"b1d1558\" data-element_type=\"container\" data-e-type=\"container\">\n\t\t\t\t<div class=\"elementor-element elementor-element-ee145d4 elementor-widget elementor-widget-video\" data-id=\"ee145d4\" data-element_type=\"widget\" data-e-type=\"widget\" data-settings=\"{&quot;video_type&quot;:&quot;hosted&quot;,&quot;controls&quot;:&quot;yes&quot;}\" data-widget_type=\"video.default\">\n\t\t\t\t\t\t\t<div class=\"e-hosted-video elementor-wrapper elementor-open-inline\">\n\t\t\t\t\t<video class=\"elementor-video\" src=\"https:\/\/glassum.mx\/Industrial\/wp-content\/uploads\/2025\/12\/02c0c270-b76e-4b85-a564-dba59c725f08.mp4\" controls=\"\" preload=\"metadata\" controlsList=\"nodownload\"><\/video>\n\t\t\t\t<\/div>\n\t\t\t\t\t\t<\/div>\n\t\t\t\t<\/div>\n\t\t<div class=\"elementor-element elementor-element-8bca81b e-con-full e-flex e-con e-child\" data-id=\"8bca81b\" data-element_type=\"container\" data-e-type=\"container\">\n\t\t\t\t<div class=\"elementor-element elementor-element-cccd65c elementor-widget elementor-widget-video\" data-id=\"cccd65c\" data-element_type=\"widget\" data-e-type=\"widget\" data-settings=\"{&quot;video_type&quot;:&quot;hosted&quot;,&quot;controls&quot;:&quot;yes&quot;}\" data-widget_type=\"video.default\">\n\t\t\t\t\t\t\t<div class=\"e-hosted-video elementor-wrapper elementor-open-inline\">\n\t\t\t\t\t<video class=\"elementor-video\" src=\"https:\/\/glassum.mx\/Industrial\/wp-content\/uploads\/2025\/12\/508f98d9-4a01-4f3b-8190-816bfe8df7a4.mp4\" controls=\"\" preload=\"metadata\" controlsList=\"nodownload\"><\/video>\n\t\t\t\t<\/div>\n\t\t\t\t\t\t<\/div>\n\t\t\t\t<\/div>\n\t\t\t\t\t<\/div>\n\t\t\t\t<\/div>\n\t\t\t\t<\/div>\n\t\t","protected":false},"excerpt":{"rendered":"<p>procesos y tecnolog\u00eda Conoce los procesos de Glassum. Descubre c\u00f3mo se realizan los procesos de corte, canteado mecanizado y templado del vidrio en diferentes colores y acabados. https:\/\/glassum.mx\/Industrial\/wp-content\/uploads\/2025\/12\/02c0c270-b76e-4b85-a564-dba59c725f08.mp4https:\/\/glassum.mx\/Industrial\/wp-content\/uploads\/2025\/12\/508f98d9-4a01-4f3b-8190-816bfe8df7a4.mp4<\/p>\n","protected":false},"author":1,"featured_media":0,"parent":0,"menu_order":0,"comment_status":"closed","ping_status":"closed","template":"","meta":{"om_disable_all_campaigns":false,"_monsterinsights_skip_tracking":false,"_monsterinsights_sitenote_active":false,"_monsterinsights_sitenote_note":"","_monsterinsights_sitenote_category":0,"footnotes":""},"class_list":["post-1179","page","type-page","status-publish","hentry"],"yoast_head":"<!-- This site is optimized with the Yoast SEO plugin v27.3 - https:\/\/yoast.com\/product\/yoast-seo-wordpress\/ -->\n<title>procesos y tecnolog\u00eda - Glassum<\/title>\n<meta name=\"robots\" content=\"index, follow, max-snippet:-1, max-image-preview:large, max-video-preview:-1\" \/>\n<link rel=\"canonical\" href=\"https:\/\/glassum.mx\/Industrial\/procesos-y-tecnologia\/\" \/>\n<meta property=\"og:locale\" content=\"es_ES\" \/>\n<meta property=\"og:type\" content=\"article\" \/>\n<meta property=\"og:title\" content=\"procesos y tecnolog\u00eda - Glassum\" \/>\n<meta property=\"og:description\" content=\"procesos y tecnolog\u00eda Conoce los procesos de Glassum. Descubre c\u00f3mo se realizan los procesos de corte, canteado mecanizado y templado del vidrio en diferentes colores y acabados. https:\/\/glassum.mx\/Industrial\/wp-content\/uploads\/2025\/12\/02c0c270-b76e-4b85-a564-dba59c725f08.mp4https:\/\/glassum.mx\/Industrial\/wp-content\/uploads\/2025\/12\/508f98d9-4a01-4f3b-8190-816bfe8df7a4.mp4\" \/>\n<meta property=\"og:url\" content=\"https:\/\/glassum.mx\/Industrial\/procesos-y-tecnologia\/\" \/>\n<meta property=\"og:site_name\" content=\"Glassum\" \/>\n<meta property=\"article:modified_time\" content=\"2026-01-05T21:15:31+00:00\" \/>\n<meta name=\"twitter:card\" content=\"summary_large_image\" \/>\n<meta name=\"twitter:label1\" content=\"Tiempo de lectura\" \/>\n\t<meta name=\"twitter:data1\" content=\"1 minuto\" \/>\n<script type=\"application\/ld+json\" class=\"yoast-schema-graph\">{\"@context\":\"https:\\\/\\\/schema.org\",\"@graph\":[{\"@type\":\"WebPage\",\"@id\":\"https:\\\/\\\/glassum.mx\\\/Industrial\\\/procesos-y-tecnologia\\\/\",\"url\":\"https:\\\/\\\/glassum.mx\\\/Industrial\\\/procesos-y-tecnologia\\\/\",\"name\":\"procesos y tecnolog\u00eda - Glassum\",\"isPartOf\":{\"@id\":\"https:\\\/\\\/glassum.mx\\\/Industrial\\\/#website\"},\"datePublished\":\"2025-12-22T23:46:10+00:00\",\"dateModified\":\"2026-01-05T21:15:31+00:00\",\"breadcrumb\":{\"@id\":\"https:\\\/\\\/glassum.mx\\\/Industrial\\\/procesos-y-tecnologia\\\/#breadcrumb\"},\"inLanguage\":\"es\",\"potentialAction\":[{\"@type\":\"ReadAction\",\"target\":[\"https:\\\/\\\/glassum.mx\\\/Industrial\\\/procesos-y-tecnologia\\\/\"]}]},{\"@type\":\"BreadcrumbList\",\"@id\":\"https:\\\/\\\/glassum.mx\\\/Industrial\\\/procesos-y-tecnologia\\\/#breadcrumb\",\"itemListElement\":[{\"@type\":\"ListItem\",\"position\":1,\"name\":\"Home\",\"item\":\"https:\\\/\\\/glassum.mx\\\/Industrial\\\/\"},{\"@type\":\"ListItem\",\"position\":2,\"name\":\"procesos y tecnolog\u00eda\"}]},{\"@type\":\"WebSite\",\"@id\":\"https:\\\/\\\/glassum.mx\\\/Industrial\\\/#website\",\"url\":\"https:\\\/\\\/glassum.mx\\\/Industrial\\\/\",\"name\":\"Glassum\",\"description\":\"En Glassum, ofrecemos vidrio plano templado, aluminio y herrajes de alta calidad, combinando tecnolog\u00eda y experiencia para satisfacer las necesidades de arquitectos y constructores.\",\"publisher\":{\"@id\":\"https:\\\/\\\/glassum.mx\\\/Industrial\\\/#organization\"},\"potentialAction\":[{\"@type\":\"SearchAction\",\"target\":{\"@type\":\"EntryPoint\",\"urlTemplate\":\"https:\\\/\\\/glassum.mx\\\/Industrial\\\/?s={search_term_string}\"},\"query-input\":{\"@type\":\"PropertyValueSpecification\",\"valueRequired\":true,\"valueName\":\"search_term_string\"}}],\"inLanguage\":\"es\"},{\"@type\":\"Organization\",\"@id\":\"https:\\\/\\\/glassum.mx\\\/Industrial\\\/#organization\",\"name\":\"Glassum\",\"url\":\"https:\\\/\\\/glassum.mx\\\/Industrial\\\/\",\"logo\":{\"@type\":\"ImageObject\",\"inLanguage\":\"es\",\"@id\":\"https:\\\/\\\/glassum.mx\\\/Industrial\\\/#\\\/schema\\\/logo\\\/image\\\/\",\"url\":\"https:\\\/\\\/glassum.mx\\\/Industrial\\\/wp-content\\\/uploads\\\/2025\\\/11\\\/Glassum-logo-e1763055046102.png\",\"contentUrl\":\"https:\\\/\\\/glassum.mx\\\/Industrial\\\/wp-content\\\/uploads\\\/2025\\\/11\\\/Glassum-logo-e1763055046102.png\",\"width\":1920,\"height\":435,\"caption\":\"Glassum\"},\"image\":{\"@id\":\"https:\\\/\\\/glassum.mx\\\/Industrial\\\/#\\\/schema\\\/logo\\\/image\\\/\"}}]}<\/script>\n<!-- \/ Yoast SEO plugin. -->","yoast_head_json":{"title":"procesos y tecnolog\u00eda - Glassum","robots":{"index":"index","follow":"follow","max-snippet":"max-snippet:-1","max-image-preview":"max-image-preview:large","max-video-preview":"max-video-preview:-1"},"canonical":"https:\/\/glassum.mx\/Industrial\/procesos-y-tecnologia\/","og_locale":"es_ES","og_type":"article","og_title":"procesos y tecnolog\u00eda - Glassum","og_description":"procesos y tecnolog\u00eda Conoce los procesos de Glassum. Descubre c\u00f3mo se realizan los procesos de corte, canteado mecanizado y templado del vidrio en diferentes colores y acabados. https:\/\/glassum.mx\/Industrial\/wp-content\/uploads\/2025\/12\/02c0c270-b76e-4b85-a564-dba59c725f08.mp4https:\/\/glassum.mx\/Industrial\/wp-content\/uploads\/2025\/12\/508f98d9-4a01-4f3b-8190-816bfe8df7a4.mp4","og_url":"https:\/\/glassum.mx\/Industrial\/procesos-y-tecnologia\/","og_site_name":"Glassum","article_modified_time":"2026-01-05T21:15:31+00:00","twitter_card":"summary_large_image","twitter_misc":{"Tiempo de lectura":"1 minuto"},"schema":{"@context":"https:\/\/schema.org","@graph":[{"@type":"WebPage","@id":"https:\/\/glassum.mx\/Industrial\/procesos-y-tecnologia\/","url":"https:\/\/glassum.mx\/Industrial\/procesos-y-tecnologia\/","name":"procesos y tecnolog\u00eda - Glassum","isPartOf":{"@id":"https:\/\/glassum.mx\/Industrial\/#website"},"datePublished":"2025-12-22T23:46:10+00:00","dateModified":"2026-01-05T21:15:31+00:00","breadcrumb":{"@id":"https:\/\/glassum.mx\/Industrial\/procesos-y-tecnologia\/#breadcrumb"},"inLanguage":"es","potentialAction":[{"@type":"ReadAction","target":["https:\/\/glassum.mx\/Industrial\/procesos-y-tecnologia\/"]}]},{"@type":"BreadcrumbList","@id":"https:\/\/glassum.mx\/Industrial\/procesos-y-tecnologia\/#breadcrumb","itemListElement":[{"@type":"ListItem","position":1,"name":"Home","item":"https:\/\/glassum.mx\/Industrial\/"},{"@type":"ListItem","position":2,"name":"procesos y tecnolog\u00eda"}]},{"@type":"WebSite","@id":"https:\/\/glassum.mx\/Industrial\/#website","url":"https:\/\/glassum.mx\/Industrial\/","name":"Glassum","description":"En Glassum, ofrecemos vidrio plano templado, aluminio y herrajes de alta calidad, combinando tecnolog\u00eda y experiencia para satisfacer las necesidades de arquitectos y constructores.","publisher":{"@id":"https:\/\/glassum.mx\/Industrial\/#organization"},"potentialAction":[{"@type":"SearchAction","target":{"@type":"EntryPoint","urlTemplate":"https:\/\/glassum.mx\/Industrial\/?s={search_term_string}"},"query-input":{"@type":"PropertyValueSpecification","valueRequired":true,"valueName":"search_term_string"}}],"inLanguage":"es"},{"@type":"Organization","@id":"https:\/\/glassum.mx\/Industrial\/#organization","name":"Glassum","url":"https:\/\/glassum.mx\/Industrial\/","logo":{"@type":"ImageObject","inLanguage":"es","@id":"https:\/\/glassum.mx\/Industrial\/#\/schema\/logo\/image\/","url":"https:\/\/glassum.mx\/Industrial\/wp-content\/uploads\/2025\/11\/Glassum-logo-e1763055046102.png","contentUrl":"https:\/\/glassum.mx\/Industrial\/wp-content\/uploads\/2025\/11\/Glassum-logo-e1763055046102.png","width":1920,"height":435,"caption":"Glassum"},"image":{"@id":"https:\/\/glassum.mx\/Industrial\/#\/schema\/logo\/image\/"}}]}},"_links":{"self":[{"href":"https:\/\/glassum.mx\/Industrial\/wp-json\/wp\/v2\/pages\/1179","targetHints":{"allow":["GET"]}}],"collection":[{"href":"https:\/\/glassum.mx\/Industrial\/wp-json\/wp\/v2\/pages"}],"about":[{"href":"https:\/\/glassum.mx\/Industrial\/wp-json\/wp\/v2\/types\/page"}],"author":[{"embeddable":true,"href":"https:\/\/glassum.mx\/Industrial\/wp-json\/wp\/v2\/users\/1"}],"replies":[{"embeddable":true,"href":"https:\/\/glassum.mx\/Industrial\/wp-json\/wp\/v2\/comments?post=1179"}],"version-history":[{"count":20,"href":"https:\/\/glassum.mx\/Industrial\/wp-json\/wp\/v2\/pages\/1179\/revisions"}],"predecessor-version":[{"id":1571,"href":"https:\/\/glassum.mx\/Industrial\/wp-json\/wp\/v2\/pages\/1179\/revisions\/1571"}],"wp:attachment":[{"href":"https:\/\/glassum.mx\/Industrial\/wp-json\/wp\/v2\/media?parent=1179"}],"curies":[{"name":"wp","href":"https:\/\/api.w.org\/{rel}","templated":true}]}}